*s = 64 + m. Let o = -21 - s. What is the greatest common factor of o and 48?
16
Let t(q) = q**2 - 2*q + 1. Suppose -h + 5*u = -17, -6*u - 12 = -2*u. Let f be t(h). Let s = 3 + -2. What is the greatest common divisor of s and f?
1
Let j = 2 + 3. Suppose -2*n + f = -29, 0 = 3*n - j*f + 2 - 35. Calculate the greatest common factor of 2 and n.
2
Suppose -5*h = 62 - 182. What is the highest common factor of 48 and h?
24
Let d = 52 - 18. Suppose -g + 41 = -d. What is the greatest common factor of 15 and g?
15
Suppose 0 = 4*a - 225 - 159. Suppose -109 = -5*f + r + a, 0 = 3*f - 5*r - 101. What is the highest common divisor of f and 28?
14
Suppose 0*t - 3 = t. Let y be t/((-2 - -3)*-1). What is the highest common divisor of y and 9?
3
Suppose -14*s + 4 + 164 = 0. What is the highest common divisor of 12 and s?
12
Suppose r - 177 = -3*i, -2*i - 130 = -r + 52. What is the highest common divisor of 30 and r?
30
Suppose 0 = -11*y + 8*y + 135. What is the highest common factor of y and 18?
9
Suppose -5 = -13*b + 47. What is the highest common divisor of 1 and b?
1
Let x(f) = -38*f - 3. Let v be x(-5). Suppose 0*k + 6 = -w - 2*k, 2*w + 4 = 4*k. Let p be (16 - w) + 1 + -4. Calculate the greatest common factor of p and v.
17
Let t be (0 + 78)/((-12)/(-16)). Suppose 3*a - 45 = -5*z + 72, 5*a = -4*z + t. Let i be (z/(-9))/((-3)/54). Calculate the greatest common divisor of 6 and i.
6
Let k be (12 - 9) + -10*1. Let c = 7 - k. Let w(b) = 5*b**2 + 4*b + 2. Let x be w(4). What is the highest common divisor of c and x?
14
Suppose 5*m = -4*i + 299, 3*m - i - i = 197. Suppose 0 = 4*w - 11 - 17. What is the greatest common factor of m and w?
7
Let k(d) = 2*d**3 - 20*d**2 + 11*d - 20. Let y be k(10). What is the greatest common factor of 18 and y?
18
Let w be 2 - (-6)/((-2)/2). Suppose 2*n - 70 = -3*n. Let d be 102/n - w/(-14). What is the greatest common factor of 21 and d?
7
Suppose 115 = -2*u + 323. Calculate the highest common divisor of 13 and u.
13
Suppose 233 = 5*n - 4*o, 3*n = -0*o - 2*o + 131. Calculate the greatest common divisor of 405 and n.
45
Let u(a) = -a**2 - 11*a - 6. Let h be u(-6). Calculate the highest common factor of 6 and h.
6
Let y(a) = 2*a**2 - 6*a + 4. Let l be y(6). Suppose -23 = -4*j - 3. Suppose -j*p + 2*p + 30 = 0. Calculate the greatest common divisor of l and p.
10
Let f(w) = -3*w + 6. Let b be f(7). Let n = 1 - b. Suppose 6 = 3*s, -6*s = y - 3*s - 54. What is the greatest common divisor of y and n?
16
Let x(b) = -20*b - 8. Let j be x(-4). What is the greatest common divisor of 9 and j?
9
Let q = 117 - 91. What is the greatest common divisor of q and 1?
1
Suppose 1 = 4*x - 19. Suppose -14 - 6 = -x*j. Suppose j*y = -5*m + 20, 3*y - m = 4*y - 6. What is the greatest common divisor of y and 4?
2
Suppose a - 3*a - 4 = 0. Let r(q) = 7*q**2 + q - 2. Let o be r(a). What is the highest common divisor of 36 and o?
12
Suppose 0 = -2*v + 4*v. Suppose -4*w + 2*b = -64, w + 3*b - 7*b - 2 = v. What is the highest common divisor of w and 18?
18
Let v(c) = 13*c + 3. Let w be v(3). Suppose p - 4*p = -36. Suppose 3*o - w = -p. Calculate the greatest common divisor of o and 30.
10
Let b(o) be the first derivative of -1 - 1/2*o**2 - 7*o + 1/3*o**3. Let v be b(-7). Calculate the highest common divisor of v and 7.
7
Suppose 0 = -5*l - t + 447, -4*l + 5*t + 369 = 2*t. Suppose 3*o + 2*o - l = 0. What is the greatest common divisor of 90 and o?
18
Suppose 0 = -s + 2, 4*w = 2*s + s + 42. What is the highest common divisor of 12 and w?
12
Let m be (-1 + 4 + -2)*258. Suppose -5 = -l, -3*y + 3*l = -0*l - m. Calculate the greatest common divisor of 13 and y.
13
Suppose -78 = -5*r + 2*g, 0 = 4*r - g - 4*g - 59. What is the greatest common divisor of 144 and r?
16
Suppose 5 = j + 1. Suppose 0 = -o - j*l + 11, -5*l = -2*o + o + 2. What is the highest common divisor of 49 and o?
7
Let r be (2 - 1)/(-2 + 3). Let i(y) = 104*y**2 + y - 1. Let b be i(r). Let q = b + -60. What is the greatest common factor of 11 and q?
11
Suppose -5*v = q - 557, -v + 3*q = -4*v + 327. Let n be (-4 - 1 - -2)*(-28)/6. Calculate the highest common divisor of n and v.
14
Suppose -k - 2 = -2*u - 26, -4*k - 3*u = -63. Suppose 2*w - 61 = -5*a + 156, 4*a + w - 176 = 0. What is the greatest common factor of a and k?
9
Let i(k) be the third derivative of k**6/120 - 2*k**5/15 + k**4/24 + k**3/2 - k**2. Let l be i(8). What is the greatest common divisor of 99 and l?
11
Let v(d) = 2*d**3 - 16*d**2 + d - 5. Let x be v(8). Suppose 89 + 583 = x*m. What is the greatest common factor of m and 28?
28
Suppose 0 = 4*l - 3*l - 119. Let t = l + -71. Calculate the highest common divisor of 24 and t.
24
Let k = -25 - -38. Let p(q) = q**2 + 11*q + 12. Let f be p(-9). Let v = 45 + f. Calculate the highest common factor of v and k.
13
Suppose 3*u - 208 = -l + 86, u + 4*l - 87 = 0. What is the greatest common factor of 11 and u?
11
Suppose n = l + 8, -n - 5*l + 24 = 2*n. Suppose -z = k - 4, z - 6*z = 4*k - 24. What is the highest common factor of n and z?
8
Suppose -d = -2 - 10. Suppose 3*p + 4*m - 5*m - 113 = 0, -m = -5*p + 185. What is the highest common factor of p and d?
12
Let w be -1 + 47 + -2 + 2*1. Calculate the highest common divisor of 161 and w.
23
Suppose 8*p - 44 = 4*p. Suppose -5*y = q + p, 3*q + 4 = y + 35. Calculate the greatest common factor of q and 6.
3
Suppose -68 = -2*o - 4*s, s + 72 = 2*o + 4*s. What is the highest common divisor of o and 105?
21
Suppose u = -n + 65, 2*u = u - 4*n + 62. Calculate the highest common divisor of u and 6.
6
Let m(l) = 76*l + 2. Let k be m(2). Let a = 59 - 131. Let f be 6/(-15) - a/5. What is the greatest common factor of k and f?
14
Let t(r) = r**2 - r - 3. Let u(v) = 2*v + 9. Let c be u(-7). Let g be t(c). What is the greatest common factor of 243 and g?
27
Suppose -35*k + 30*k + 25 = 0. What is the highest common divisor of k and 40?
5
Let b(t) = t**2 + 6*t + 2. Let j be b(-6). Suppose 9 + 3 = j*p. Calculate the greatest common divisor of 48 and p.
6
Let n = -82 - -84. Calculate the greatest common factor of 14 and n.
2
Let s(p) = -3*p**2 + 3*p - 3. Let k be s(3). Let a be (6 + -4)*(-1 - k). What is the greatest common divisor of a and 10?
10
Let b(y) = -14*y**3 - y**2 + 1. Let x = 15 + -11. Let z = x - 5. Let s be b(z). Calculate the highest common divisor of s and 14.
14
Suppose -2*m = -11 + 9. What is the greatest common factor of m and 2?
1
Let q = -156 + 191. Calculate the greatest common factor of q and 5.
5
Let f(j) = j**3 - 6*j**2 - 9*j - 6. Let k be f(8). Calculate the highest common factor of 10 and k.
10
Suppose 0*f = 4*f - 512. Suppose -4*r = 4*m - 60, -3*m - 3*r + 50 = -5*r. What is the highest common divisor of m and f?
16
Suppose -2*h + 0*h = -14. Let x = 4 - 10. Let p be x/(-21) - (-47)/7. Calculate the greatest common factor of h and p.
7
Suppose s + 107 = 2*y, -s - 113 = -3*y - 2. Let c = 159 + s. Calculate the highest common factor of 40 and c.
20
Suppose 4*j = 0, 2*j - 4*j - 300 = -5*i. Let p be -4 + 3 - (-3 + 0). Suppose 0 = -p*v + 5*v - 45. Calculate the greatest common factor of i and v.
15
Suppose 3*h - 248 = -3*q + 40, -2*q - 5*h = -195. Let t = 60 - q. Let d be 2/(-4) - t/10. What is the highest common divisor of 3 and d?
3
Let b = -55 + 81. What is the highest common factor of b and 13?
13
Suppose 24 = c - 2*c. Let b = 36 + c. Suppose -5*l + 40 = -20. What is the highest common factor of b and l?
12
Let d be (2/(-3))/(2/(-6)). Suppose q - 10 - d = -2*i, 20 = -5*q. Let a be (-3 - 2)*(-2 + -2). What is the greatest common divisor of a and i?
4
Suppose 4*b = 2*j - 30, -2*b = j + 3 - 6. What is the greatest common factor of j and 81?
9
Let l = -8 - 0. Let h(r) = 2 + 0 + 0 - 3 - 2*r. Let a be h(l). Calculate the highest common divisor of a and 30.
15
Suppose -4*l = -5*i - 24, 0 = -5*l - 0*l - 5*i + 30. Suppose -2*z = -z - l. What is the highest common factor of 66 and z?
6
Let z(l) = l**2 + l + 16. Let y be z(0). Let b = -30 - -46. Calculate the greatest common divisor of b and y.
16
Let s be (-3)/(-18) - (-57)/(-18). Let a be (36/15)/(s/(-30)). What is the highest common factor of 12 and a?
12
Let t be 0 - (-1)/((-1)/58). Let a = t - -130. Let r = 39 + -15. What is the highest common divisor of a and r?
24
Suppose 51 + 13 = 4*o. Calculate th